8
Let c be (2 - 4)/(-3 - (-104)/40). Let b(q) = 5*q**2. Let i be b(3). Calculate the greatest common factor of c and i.
5
Suppose -4*f = -c + 64, -2*c - 4*f - 240 = -7*c. Suppose -c = -4*x + 4*a, 0*x + 17 = x - 3*a. What is the greatest common factor of x and 12?
4
Let a = 6 - 3. Let w be 1*(-12)/(-6)*1. Calculate the highest common factor of a and w.
1
Let c(a) = -9*a**2 - a**3 + 3*a**2 + 0 + 2 - 6*a + 3*a. Let s be c(-6). What is the greatest common factor of 4 and s?
4
Suppose 0*r + 3*r = 6. Let i be 13 + (r - (6 - 2)). Calculate the highest common factor of i and 77.
11
Suppose -y + 3*n + 103 = 0, y + 5*n + 545 = 6*y. What is the highest common factor of y and 16?
16
Let o be (-4)/(-7) + -5 + (-9488)/(-56). Calculate the greatest common divisor of o and 33.
33
Let y = 12 + -3. Calculate the greatest common factor of y and 81.
9
Suppose 8 = 3*z + z. Let w(l) = -3*l**2 - 3*l - 2. Let h be w(-2). Let y(d) = -3*d - 8. Let u be y(h). Calculate the greatest common factor of z and u.
2
Suppose 0 = -5*l + 47 + 433. Let t be l/(-10)*20/(-6). Let r = -14 + t. What is the highest common factor of r and 12?
6
Suppose 9 = 2*t + t. Let b be (8/(-10))/(t/(-15)). Calculate the highest common factor of b and 12.
4
Let u be -49*((-6)/(-12))/((-2)/4). Suppose -4*a - 14 = -6*a. Calculate the greatest common factor of a and u.
7
Let k be ((0 - -2) + 8)*1. Let x(f) = 22*f - 24. Let w be x(2). What is the greatest common divisor of k and w?
10
Let r = 11 + 80. What is the highest common divisor of 13 and r?
13
Let x(r) = -15*r - 3. Suppose -4*a + 17 = 29. Let l be x(a). What is the greatest common divisor of 63 and l?
21
Suppose 2*k + 6 + 4 = 0. Let d be (-3)/k + 16/40. Calculate the greatest common divisor of d and 2.
1
Let b(j) = 12*j + 8. Let z be b(6). Suppose 0 = -4*f + 3*i + 83, -5*i = -5*f - i + 105. Suppose -f = -5*p + 33. What is the highest common divisor of z and p?
10
Let f(z) = -7*z - 5. Suppose 2 - 10 = a. Let o be f(a). What is the highest common divisor of o and 17?
17
Let z(x) = 4*x**2 + 19*x + 10. Let c be z(-5). What is the greatest common factor of c and 135?
15
Let y(d) = -2*d - 11. Suppose 0 = -2*l + 4 - 26. Let x be y(l). Calculate the greatest common divisor of 88 and x.
11
Let y(q) = q - 5. Let l be 132/15 - (-1)/5. Let t be y(l). Calculate the greatest common factor of 2 and t.
2
Let c = -23 - -35. Suppose 4*b - 62 = -3*y, -4*b - 28 = -y - y. What is the highest common divisor of c and y?
6
Let g = 135 + -15. Suppose -2*p - 2*p = -g. Suppose -4*k - 4*w = -78 + p, -14 = -2*k + 3*w. What is the highest common divisor of 4 and k?
2
Suppose 2*c + 3*c - 65 = 0. What is the greatest common divisor of 52 and c?
13
Let s(f) = f**3 + 6*f**2 + 4*f + 11. Let q be s(-5). What is the highest common divisor of 64 and q?
16
Let p be (-2)/5 - (-501)/15. What is the highest common factor of 22 and p?
11
Suppose x = 0, 5*t - 14 - 6 = 4*x. Suppose 2 + t = s. Calculate the highest common divisor of 18 and s.
6
Suppose -3*p = 2*l - 41, -4*p - 1 + 61 = 4*l. Calculate the greatest common divisor of 55 and p.
11
Let q = 6 + -2. Suppose -q*s = -9 - 11. Let p = 124 - 89. What is the highest common factor of p and s?
5
Suppose -13 = -r + 3*z, -5*r - z - 3*z = -46. Suppose 2*u + t + 43 = 5*u, -4*t = 2*u - r. What is the greatest common factor of 65 and u?
13
Suppose 3*k = 15, -5*i + 5*k + 415 = 3*k. Suppose 100 = 5*f - 5*y, -12 = 5*f + 4*y - i. Calculate the highest common divisor of f and 85.
17
Let t be 3/6 - 43/(-2). Let f be (-9 - -8)*-1*55. Calculate the highest common divisor of t and f.
11
Suppose -1714 = -5*l + 101. Calculate the highest common factor of l and 33.
33
Let h(w) = w**2 + 4*w + 3. Let n be h(-3). Suppose n*b = 3*b - 3. Suppose 2 = y + 1. What is the greatest common factor of b and y?
1
Let i = 44 - -281. Let v be 2/(-6) - i/15. Let t = -12 - v. Calculate the greatest common factor of 10 and t.
10
Let d(n) = 19*n**2 - 1. Let j be d(-2). Let t(y) = -4*y - 2*y + 3 + 3*y. Let q be t(-9). Calculate the greatest common factor of j and q.
15
Let w = 47 - 42. Calculate the greatest common factor of 55 and w.
5
Let n be 2/(-3)*6/4. Let v be 4 + 1 - (0 - n). Suppose a + v + 7 = -4*x, -10 = 2*x. What is the highest common factor of 36 and a?
9
Let k be 28 - 0 - (0/(-5) + 0). What is the greatest common factor of k and 126?
14
Suppose -4*h + 5*v = -445, 2*h = 4*h - 3*v - 223. Calculate the highest common divisor of h and 10.
10
Let f(h) be the first derivative of 2*h**2 + 2*h - 1. Let l be f(2). Suppose 5*p = i + 545, 2*i + 85 = p - 3*i. What is the greatest common factor of p and l?
10
Suppose -2*g - 3*g = -20. Suppose -g + 9 = b. Calculate the greatest common divisor of 20 and b.
5
Suppose 4*n + 16 = n + y, y = n + 4. Let r be (50/(-3))/(n/45). Suppose x + r = 5*d + 5*x, 3*x = -4*d + 100. Calculate the greatest common divisor of d and 5.
5
Let s(p) = -18*p**3 - p**2 + 2*p - 1. Let r be s(-2). What is the greatest common factor of r and 54?
27
Suppose 6*t - 7*t - 8 = 0. Let y be 1*-1 - (t - -6). What is the highest common factor of y and 8?
1
Let s be 53 + (-3)/(6/(-4)). Let d be 1 - (4 - 24)/2. What is the highest common divisor of s and d?
11
Let x(o) = -o**3 + 2*o**2 + 3*o + 2. Let h be x(4). Let m = h + 45. Calculate the highest common divisor of 3 and m.
3
Let g(k) be the second derivative of k**3/2 - 9*k**2/2 - 2*k. Let b be g(6). Calculate the highest common factor of b and 1.
1
Let j = 133 + 10. Let g be 7/5 + 6/(-15). Let f be g*((-13)/(-1))/1. What is the highest common factor of f and j?
13
Let h = -24 + 25. What is the highest common factor of h and 3?
1
Let u be 2*1/((-1)/6). Let b = 22 + u. Calculate the highest common factor of b and 70.
10
Let d(w) = 48*w**2 - w - 1. Let v be d(-1). Let m be 74/(-3)*-3 + -2. Calculate the highest common factor of v and m.
24
Let z(f) = -46*f - 10. Let u(c) = 9*c + 2. Let x(o) = -16*u(o) - 3*z(o). Let q be x(-2). What is the highest common factor of q and 40?
10
Let g(a) = a**2 + a + 1. Let v(d) = 5*d**2 + 8*d + 8. Let h(i) = -4*g(i) + v(i). Let m be h(-5). Calculate the greatest common factor of 1 and m.
1
Let a(i) = i**3 + 3*i**2 - 2*i + 2. Let o be a(-4). Let r be (-280)/(-21)*o/(-4). What is the greatest common factor of r and 8?
4
Let z = 4 + 0. Suppose 0 = -z*p + 8, j - 3*p + 2 = -1. Let l be j/12 - (-27)/4. What is the greatest common divisor of l and 56?
7
Let u = 1 - -18. What is the greatest common divisor of 76 and u?
19
Let o(m) = 12*m - 6. Let i be o(3). Calculate the highest common divisor of 10 and i.
10
Let j be 4/(-6) - (2 - (-70)/(-15)). What is the greatest common divisor of j and 34?
2
Suppose 2*x + 6*u - 4*u - 198 = 0, u = -5*x + 499. What is the greatest common factor of x and 25?
25
Let t be 8 - 4 - 123/(-3). Let q(i) = 4*i - 3. Let s be q(3). What is the highest common divisor of t and s?
9
Suppose 0*i - 5*i - 4*u = -26, 5*u - 12 = 4*i. Suppose 6*g = 11*g - 190. Let b = g - i. What is the highest common divisor of 4 and b?
4
Suppose 0 = 3*g - g + 5*x + 5, 0 = -4*g - x - 1. Suppose 0 = -g*r - 5*r + 5*l + 80, l = -2. Calculate the greatest common divisor of r and 70.
14
Let z be (2 + 1 + -2)*-28. Let o = z - -61. What is the highest common factor of 22 and o?
11
Let f(b) = b**3 - 12*b**2 + 15*b + 14. Let g be f(11). What is the highest common divisor of g and 29?
29
Suppose -4*i = 36 - 164. Calculate the greatest common divisor of i and 8.
8
Let m(h) = -h + 2. Let a = 16 - 28. Let y be m(a). Calculate the greatest common divisor of 126 and y.
14
Let g(p) = p + 9. Let j be g(0). What is the greatest common divisor of 27 and j?
9
Let s(o) = 3*o + 45. Let l be s(-11). Calculate the greatest common divisor of 132 and l.
12
Suppose 58 = 3*s - 3*j - 2*j, 61 = 3*s - 2*j. What is the greatest common factor of s and 84?
21
Let q(o) = -o + 35. Let s be q(12). What is the greatest common divisor of 92 and s?
23
Let o(t) be the first derivative of -9*t**2 - 1. Suppose -4*w - 15 = -0*q + 3*q, 4*w - 5*q = -39. Let s be o(w). What is the greatest common factor of 12 and s?
12
Let r(w) = w - 1. Let t be r(5). Let z(s) = -4*s + 2*s**3 + 4*s + 4 - 6*s - 3*s**2. Let p be z(t). What is the greatest common factor of p and 12?
12
Let j be (-17 + -2 - 4)*-1. Calculate the highest common divisor of 23 a